 - 39 = -7. List the prime factors of (35/10 + -3)*q.
2
Let f(i) = 2*i**2 - 3*i + 63. Suppose -63 = l - 79. What are the prime factors of f(l)?
17, 31
Suppose -67 = -5*m - 4*l, -m - 7*l + 20 = -4*l. Let h be 8/44 + 2944/22. Let d = h + m. List the prime factors of d.
5, 29
Let i(n) = 1630*n**2 + 3*n + 2. Suppose 2*u + 50*t - 8 = 45*t, 4*u + 5*t = 6. What are the prime factors of i(u)?
3, 181
Suppose -v = 3*v - 12. Let x(g) = -g**2 + 12*g**v + 3 - 6*g**3 - 5*g**3 - 6*g. What are the prime factors of x(5)?
73
Let w(b) = 2409*b - 3154. List the prime factors of w(17).
37799
Suppose -5*o - 5*r + 12 - 2 = 0, -3*r = -5*o - 6. Suppose -10*c + 2402 - 42 = o. List the prime factors of c.
2, 59
What are the prime factors of (-26084334)/(-777) - (-4)/(-7)?
2, 3, 5, 373
Suppose 34 + 14 = 12*p. Suppose -272 = -p*j + 280. List the prime factors of j/7 - 18/(-63).
2, 5
Let i = 2 + 40. Suppose 0 = 12*t - 14*t + i. Suppose -99 = -3*d - t. What are the prime factors of d?
2, 13
Let b(q) = -q**3 - 4*q**2 - 5*q - 2. Let u be b(-3). Suppose -47*h + u = -45*h. Suppose 0 = h*m - 323 + 55. What are the prime factors of m?
2, 67
Suppose -6*f - 3*f = -18. Suppose -f*n + 334 - 78 = -2*u, 0 = -4*u - 5*n - 512. Let r = 248 + u. What are the prime factors of r?
2, 3, 5
Suppose 2*u - 2879 = 3459. What are the prime factors of u?
3169
Let m(x) = 214*x**3 + 3*x**2 - 5*x + 1. Let w be m(1). Suppose -b + 4*b = -w. Let c = 121 + b. List the prime factors of c.
2, 5
Suppose n + 68663 = 3*d, -2*n = 3*d + 2*n - 68668. List the prime factors of d.
2, 2861
Suppose -3*i = 4*q - 18, 0 = -3*i + 10*q - 8*q. List the prime factors of (10/(-455)*-13)/(i/3206).
2, 229
Suppose -5*s = -4*y + 116 + 64, -4*y + 2*s = -192. List the prime factors of 13760/38 + y/(-475).
2, 181
Let c(q) = 10*q**2 + 26*q + 299. List the prime factors of c(31).
5, 2143
Let t(h) = 438*h - 1593. What are the prime factors of t(6)?
3, 5, 23
Suppose -18*z - 135 = -15*z. Let a = 37 + z. List the prime factors of 1386/15 - a/(-20).
2, 23
Let j(x) = 3*x**3 - 41*x**2 + 48*x - 57. Let t(r) = -5*r**3 + 62*r**2 - 72*r + 85. Let a(y) = 8*j(y) + 5*t(y). List the prime factors of a(-20).
17
Suppose 0 = 7*q + 11 - 4. Let o = 4 + q. List the prime factors of -20*(-4 - (-3)/o).
2, 3, 5
Let t = 2137 - -11114. List the prime factors of t.
3, 7, 631
Let l(f) = 8*f**3 + 15*f**2 + 34*f + 247. List the prime factors of l(15).
2, 43, 181
Let n(y) = y**2 + 6*y - 93. Let u be n(35). Suppose 11*c = u + 506. What are the prime factors of c?
2, 3, 7
Let w = -66 - -72. Suppose j = w*j - 10. Suppose -116 = -j*a - 3*o, 0 = -a + 5*o + 38 + 7. What are the prime factors of a?
5, 11
Let r be 8/12 + 1023/(-9). Let x = r - -364. What are the prime factors of x?
251
Suppose 164*l - 161*l = -324. Let p = l - -197. List the prime factors of p.
89
Let b(s) = 238*s**2 + 191*s - 117. List the prime factors of b(-15).
2, 3, 7, 43
What are the prime factors of (70/6 - (2 - 3))*(-463182)/(-239)?
2, 17, 19
Let n(z) = 8*z - 22. Let k be n(3). Suppose 3615 = -k*q + 5*q. Suppose -4*t + 223 = j, -j + 2*t = -6*j + q. What are the prime factors of j?
3
Let q be -330*8/80*-5. Suppose -5*h + 5*f + 1365 = 0, 5*h + f + q = 1518. What are the prime factors of h?
271
Let u = 60 - 56. Let k(r) = 7*r**2 - 6*r + 28. What are the prime factors of k(u)?
2, 29
Let d(o) = 3*o**3 + 2*o**2 - 3*o - 880. Let a be d(0). Let t = -189 - a. List the prime factors of t.
691
Suppose 1148 = 4*i + 3*q + q, -i + 4*q + 277 = 0. Let z = 698 - i. What are the prime factors of z?
7, 59
Suppose 30*s = 31*s - 6. Let h(d) be the second derivative of -d**5/20 + 3*d**4/4 - 13*d**3/6 + 9*d**2/2 - 2*d. What are the prime factors of h(s)?
3, 13
Let o be 189/9 - (-2 + 2). Suppose r = -o - 31. Let i = -28 - r. What are the prime factors of i?
2, 3
Suppose 144240 = 115234*a - 115226*a. What are the prime factors of a?
2, 3, 5, 601
Let l(c) = -18*c + 27. Let n(t) = 2*t - 15. Let d be n(7). Let s(x) = -x + 1. Let k(z) = d*l(z) + 27*s(z). What are the prime factors of k(-3)?
3
Let v = -150 + 884. Suppose 0 = -4*h + v + 766. What are the prime factors of h?
3, 5
Suppose -142 = 4*m + 246. Let t = -108 - m. Let u = 9 - t. List the prime factors of u.
2, 5
Let z = -44 + 48. Suppose j + z - 55 = 0. Let c = 137 - j. What are the prime factors of c?
2, 43
Let v(n) = n**2 + 22*n + 3. Let c be v(-20). Let q(j) = 89*j**3 - 3*j**2 + 5*j - 3. Let r be q(1). Let o = r + c. What are the prime factors of o?
3, 17
Suppose 313403 = 5*f + 30*t - 33*t, -5*f + 313387 = -7*t. What are the prime factors of f?
62683
Let k(v) = 283*v**2 + 21*v - 138. List the prime factors of k(-10).
2, 1747
Let s be ((-273)/4)/((-4)/((-80)/(-5))). Suppose -c - 2*c = s. Let r = c + 121. What are the prime factors of r?
2, 3, 5
Let w(j) = -338*j**3 + j**2 + 3*j + 2. Suppose -4*q + 16*q = -12. List the prime factors of w(q).
2, 13
Let q be 4/26 + 2289*35/195. Suppose -z = -r + q, 1669 = 2*r + 2*r + z. What are the prime factors of r?
2, 13
Let p be ((-4)/7)/(42/147). List the prime factors of (-5)/(70/21) + (-509)/p.
11, 23
Suppose 16*m - 91421 = -5*z + 24*m, 2*m = z - 18285. What are the prime factors of z?
101, 181
Suppose 0 = d + 3 + 6. Let y be 18/(-4)*6/d. Suppose 0 = -y*x + 7*x - 416. What are the prime factors of x?
2, 13
Suppose -4*q = -4*r + 77728, -r + 3*q + 19007 = -427. What are the prime factors of r?
3, 17, 127
Let b be -4*(37/(-4) - 0). Let y(f) = -2*f**2 + 21*f - 7. Let h be y(10). Let r = b - h. What are the prime factors of r?
2, 17
Suppose 3*u = 13*h - 18*h + 37, -3*h + 11 = -u. Let b = 18 + -10. Suppose 7*o + t = 3*o + 250, -b = -u*t. List the prime factors of o.
2, 31
Let j = 44391 - 26922. List the prime factors of j.
3, 647
Let z be 16/(-20) + 38/10. Let g = 8 - 4. Suppose g*y + w - 46 = 0, 2*y - z*w = 3*y - 17. List the prime factors of y.
11
Suppose -79740 - 12363 = -11*o. List the prime factors of o.
3, 2791
Let v be (-178 - -1)/(((-4)/(-2))/(-8)). Suppose -3*d - 3*p - 49 + 553 = 0, -4*d + v = -5*p. List the prime factors of d.
2, 43
Let a be 234/34 + 0 - 46/(-391). Let x(o) = -o**2 - 15*o + 10. Let h be x(a). Let q = -111 - h. List the prime factors of q.
3, 11
Let d(j) = 3*j**2 - 30*j + 31. Let w be d(1). Suppose 3*o = -0*r + 3*r + 5052, o = w*r + 1669. List the prime factors of o.
3, 563
Let g(f) = -2*f**2 + 32*f + 25. Let q be g(14). Suppose q*u - 74*u - 609 = 0. List the prime factors of u.
3, 29
Suppose 0 = -2*g + 2*p, -2*g - 2*p = -6*g. Suppose g*j = -5*j + y - 21, -5*j = 4*y + 16. List the prime factors of (-4 + 8)/j + (-106)/(-1).
3, 5, 7
Suppose 105104*w + 33014 = 105105*w. List the prime factors of w.
2, 17, 971
Let j(f) = -10*f**2 - 21*f - 81. Let k be j(-4). Let v = k + 672. List the prime factors of v.
5, 103
Suppose 5 = -7*k - 9. Let f be 5 + -3 - k - 6. List the prime factors of f/3 + (-336)/(-18).
2, 3
Let y(k) be the third derivative of 0*k + 1/24*k**4 + 8/3*k**3 - 6*k**2 + 0. List the prime factors of y(4).
2, 5
Suppose 5*f = -3*a + 25573, -2*a + 2*f - 3*f + 17037 = 0. What are the prime factors of a?
2, 2129
Let l(w) = 75*w**3 - 11*w**2 + 11*w + 30. What are the prime factors of l(3)?
3, 13, 17
Suppose -1 = -z - 7. List the prime factors of 504/(-20)*10/z.
2, 3, 7
Suppose 2*h = -3*m + 13, 2*m - 6 = -4*h - 0*m. List the prime factors of 2/((-2)/h) - -108.
109
What are the prime factors of (36*(-12327)/(-28) - 12) + (-2 - -6)?
7, 31, 73
Suppose 0 = 12*h - 89 + 29. Let g be 305/h - (-2)/((-4)/(-2)). Suppose -3*c = 2*v - 115, -v - c - 2*c = -g. What are the prime factors of v?
53
What are the prime factors of (-4 - -6)/(3 + -1 - -2)*19672?
2, 2459
Let o(x) = 5*x**3 + 3*x**2 - 8*x + 11. Let u be o(2). Suppose u*q - 65736 = 1521. List the prime factors of q.
3, 53
Let j be ((-60)/2)/(2/98*-7). Let v = j + 200. List the prime factors of v.
2, 5, 41
Suppose -n = -28*n. Suppose n = -95*y + 110*y - 29115. List the prime factors of y.
3, 647
Let x(j) = 6*j**2 + 46*j**2 + 13*j**2 + 2*j**2 - 5 + 4*j**2 + j. List the prime factors of x(3).
7, 13
Let n(a) = a**3 + 4*a**2 - 14*a + 1. Let h be n(-6). Suppose -7*u - h = 29. What are the prime factors of (-50)/u + (-2)/(-3)?
3
Let z(y) = -6*y + 47. Let k be z(-16). Suppose f = 5*c + 43, c = -f + 4*f - k. Let n = f + 6. What are the prime factors of n?
2, 3
Let c(z) = 6*z*